{"id":276,"date":"2020-11-05T08:46:31","date_gmt":"2020-11-05T08:46:31","guid":{"rendered":"https:\/\/schnupperer.kufnet.at\/?page_id=276"},"modified":"2025-05-13T06:14:32","modified_gmt":"2025-05-13T06:14:32","slug":"brizy-276","status":"publish","type":"page","link":"https:\/\/schnupperer.kufnet.at\/","title":{"rendered":"Startseite"},"content":{"rendered":"<div class=\"brz-root__container brz-reset-all\">\n<section data-uid=\"leuwyxwjvdpoptqvhmzilaneefwnuumjjofv\" id=\"leuwyxwjvdpoptqvhmzilaneefwnuumjjofv\" class=\"brz-section brz-css-iswdy brz-css-vxdcb\">\n<div class=\"brz-section__content brz-section--boxed brz-css-llccn brz-css-avryx\" data-custom-id=\"tyoawtugmwjkpwbgmlifsryblawlvggiyqdv\">\n<div class=\"brz-bg\">\n<div class=\"brz-bg-image\"><\/div>\n<\/div>\n<div class=\"brz-container brz-css-epgsk brz-css-mpxcn\">\n<div class=\"brz-css-eabha brz-wrapper\">\n<div class=\"brz-rich-text brz-css-zubrt\" data-custom-id=\"bvjtfwtqlceemrfyjnktwqwamsexlxlzrspm\">\n<h2 class=\"brz-text-lg-center brz-lh-lg-1_3 brz-lh-sm-im-1_2 brz-lh-xs-im-1_3 brz-fs-lg-36 brz-fs-sm-im-30 brz-fs-xs-im-28 brz-ls-lg-m_1_5 brz-ls-sm-im-m_1 brz-ls-xs-im-m_1 brz-ff-red_hat_text brz-ft-google brz-fw-lg-700 brz-fw-sm-im-700 brz-fw-xs-im-700\"><span class=\"brz-cp-color6\">KufNet Schnupperer<\/span><\/h2>\n<\/div>\n<\/div>\n<div class=\"brz-css-eabha brz-css-gaupn brz-css-kskuk brz-wrapper\">\n<div class=\"brz-spacer brz-css-tawiu brz-css-uryfc\"><\/div>\n<\/div>\n<div class=\"brz-css-eabha brz-css-zzgxu brz-wrapper\">\n<div class=\"brz-rich-text brz-css-zubrt\" data-custom-id=\"ijfvwauqcgfffxxrpszulobazlhbjqifrrqy\">\n<p class=\"brz-text-lg-center brz-fw-xs-im-400 brz-fw-sm-im-400 brz-fw-lg-400 brz-ft-google brz-ff-overpass brz-ls-xs-im-0 brz-ls-sm-im-0 brz-ls-lg-0 brz-lh-xs-im-1_6 brz-lh-sm-im-1_6 brz-lh-lg-1_9 brz-fs-lg-17 brz-fs-sm-im-16 brz-fs-xs-im-16\"><span>&#8222;Education is the most powerful weapon which you can use to change the world&#8220;<\/span><\/p>\n<p class=\"brz-text-lg-center brz-fs-xs-im-17 brz-fs-sm-im-17 brz-fs-lg-18 brz-fw-xs-im-400 brz-fw-sm-im-400 brz-fw-lg-400 brz-ft-google brz-ff-overpass brz-ls-xs-im-0 brz-ls-sm-im-0 brz-ls-lg-0 brz-lh-xs-im-1_6 brz-lh-sm-im-1_6 brz-lh-lg-1_9\"><span>Nelson Mandela <\/span><\/p>\n<\/div>\n<\/div>\n<\/div>\n<\/div>\n<\/section>\n<section data-uid=\"pdajbwzjghghvbmboaauhktgdkdmmjijbnyy\" id=\"pdajbwzjghghvbmboaauhktgdkdmmjijbnyy\" class=\"brz-section brz-css-iswdy\">\n<div class=\"brz-section__content brz-section--boxed brz-css-llccn brz-css-cfkwy\" data-custom-id=\"icqeicndqbgfbtaprsyisfbkbwpimtabvxsm\">\n<div class=\"brz-container brz-css-epgsk\">\n<div data-iteration-count=\"1\" class=\"brz-css-eabha brz-wrapper brz-animated brz-css-lyutb brz-css-ncmnu\">\n<div data-type=\"style1\" class=\"brz-progress-bar brz-progress-bar-style1 brz-css-kktbc brz-css-begaa\" data-custom-id=\"zhdmzfdkdfjdgfpgefhaifcfadaqkturhoda\">\n<div class=\"brz-d-xs-flex brz-justify-content-xs-between brz-align-items-xs-center brz-progress-bar__wrapper brz-css-mttlq\" data-progress=\"80\"><span class=\"brz-span brz-text__editor\">Deine Traumlehre<\/span><span class=\"brz-span brz-progress-bar__percent\">80%<\/span><\/div>\n<\/div>\n<\/div>\n<div class=\"brz-css-eabha brz-wrapper\">\n<div class=\"brz-rich-text brz-css-zubrt\" data-custom-id=\"vzgokitsktgkbkevvszkjqulcoegutctjuvx\">\n<p class=\"brz-bcp-color7 brz-text-lg-center brz-lh-lg-1_9 brz-lh-sm-im-1_6 brz-lh-xs-im-1_6 brz-ls-lg-0 brz-ls-sm-im-0 brz-ls-xs-im-0 brz-ff-overpass brz-ft-google brz-fw-lg-400 brz-fw-sm-im-400 brz-fw-xs-im-400 brz-fs-lg-22 brz-fs-sm-im-21 brz-fs-xs-im-21\"><strong class=\"brz-cp-color2\">Aufgaben f\u00fcr deine Schnuppertage <\/strong><\/p>\n<\/div>\n<\/div>\n<div class=\"brz-row__container brz-css-igqoj\" data-custom-id=\"vfhjkmnzwtzibqwbhovadeomhhvtfxrjhbnx\">\n<div class=\"brz-row brz-css-ukjns brz-css-kccai\">\n<div class=\"brz-columns brz-css-wtaku brz-css-hmkwi\" data-custom-id=\"luwoujwycdiqcdooyqzkbwsmfwtfnusydnok\">\n<div class=\"brz-column__items brz-css-kspbp brz-css-npapr\">\n<div class=\"brz-css-eabha brz-wrapper\">\n<div class=\"brz-image brz-css-vgreu brz-css-krdzg\"><img decoding=\"async\" class=\"brz-img brz-p-absolute\" src=\"{@brizy_SITE_URL_PLACEHOLDER@}\/?brizy_media=wp-7d96ae840dce3774fbd06d971d372faf.jpg&amp;brizy_crop=iW%3D306%26iH%3D188%26oX%3D41%26oY%3D0%26cW%3D225%26cH%3D188&amp;brizy_post=276\" alt=\"{{ brizy_dc_image_alt uid='wp-7d96ae840dce3774fbd06d971d372faf.jpg' }}\" loading=\"lazy\"><\/div>\n<\/div>\n<div class=\"brz-css-eabha brz-css-qmqmm brz-wrapper\">\n<div class=\"brz-rich-text brz-css-zubrt\" data-custom-id=\"opgupvzzhddemysvsduonqcusbfvdgcnrgnu\">\n<h5 class=\"brz-tp-heading5\"><span>Kundensupport vor Ort<\/span><\/h5>\n<\/div>\n<\/div>\n<div class=\"brz-css-eabha brz-css-ojctn brz-wrapper\">\n<div class=\"brz-rich-text brz-css-zubrt\" data-custom-id=\"ttikdfxlegstlzluuhqaepnvjycvasocxnyt\">\n<p class=\"brz-tp-paragraph\"><span>Hierbei lernst du alle Geheimnisse unseres Kundensupports kennen. <\/span><strong>Bitte l\u00e4cheln \ud83d\ude09<\/strong><\/p>\n<p class=\"brz-tp-paragraph\"><strong class=\"brz-cp-color7\"> <\/strong><\/p>\n<p class=\"brz-tp-paragraph\"><strong class=\"brz-cp-color7\"> <\/strong><\/p>\n<p class=\"brz-tp-paragraph\"><strong class=\"brz-cp-color7\"> <\/strong><\/p>\n<\/div>\n<\/div>\n<div class=\"brz-wrapper-clone brz-css-xjsbh\">\n<div class=\"brz-d-xs-flex brz-flex-xs-wrap brz-css-herqa brz-css-nobby\">\n<div class=\"brz-wrapper-clone__item brz-css-tomin\" id=\"psronwyoucgbervebedqizuvihuidpwkszqg\"><a class=\"brz-a brz-btn brz-css-edydf brz-css-ortdq\" href=\"{@brizy_SITE_URL_PLACEHOLDER@}\/index.php\/modul-kundensupport-vor-ort\/\" data-brz-link-type=\"external\" data-custom-id=\"psronwyoucgbervebedqizuvihuidpwkszqg\"><span class=\"brz-span brz-text__editor\">Entdecken<\/span><\/a><\/div>\n<\/div>\n<\/div>\n<\/div>\n<\/div>\n<div class=\"brz-columns brz-css-wtaku brz-css-sgsve\" data-custom-id=\"ipvfeqipxfkmkywbyluksvdteprgaxxercky\">\n<div class=\"brz-column__items brz-css-kspbp brz-css-lfxxe\">\n<div class=\"brz-css-eabha brz-wrapper\">\n<div class=\"brz-image brz-css-gdkdq brz-css-tvgyd\"><img decoding=\"async\" class=\"brz-img brz-p-absolute\" src=\"{@brizy_SITE_URL_PLACEHOLDER@}\/?brizy_media=wp-2064641507f59e4c085967b621b4fd96.jpg&amp;brizy_crop=iW%3D335%26iH%3D188%26oX%3D55%26oY%3D0%26cW%3D225%26cH%3D188&amp;brizy_post=276\" alt=\"{{ brizy_dc_image_alt uid='wp-2064641507f59e4c085967b621b4fd96.jpg' }}\" loading=\"lazy\"><\/div>\n<\/div>\n<div class=\"brz-css-eabha brz-css-bryhh brz-wrapper\">\n<div class=\"brz-rich-text brz-css-zubrt\" data-custom-id=\"gqidtopuncarokroirpjivrzodpqfvwienml\">\n<h5 class=\"brz-tp-heading5\"><span>Netzwerktechnik Aufgaben<\/span><span class=\"brz-cp-color2\"> <\/span><\/h5>\n<\/div>\n<\/div>\n<div class=\"brz-css-eabha brz-css-cwopi brz-wrapper\">\n<div class=\"brz-rich-text brz-css-zubrt\" data-custom-id=\"lfbetvhbadengvgbioucixgxtlfhhrjhrvas\">\n<p class=\"brz-tp-paragraph\"><span>Wie funktioniert unser Internet? Was ist ein Switch? Dies wird dir das interne Team genauestens erkl\u00e4ren.<\/span><\/p>\n<p class=\"brz-tp-paragraph\"><span class=\"brz-cp-color7\"> <\/span><\/p>\n<p class=\"brz-tp-paragraph\"><span class=\"brz-cp-color7\"> <\/span><\/p>\n<p class=\"brz-tp-paragraph\"><span class=\"brz-cp-color7\"> <\/span><\/p>\n<\/div>\n<\/div>\n<div class=\"brz-wrapper-clone brz-css-xjsbh\">\n<div class=\"brz-d-xs-flex brz-flex-xs-wrap brz-css-herqa brz-css-xrbgs\">\n<div class=\"brz-wrapper-clone__item brz-css-tomin\" id=\"idgqkowcijpfxrbhdztpjlgbkwgopllrzpzn\"><a class=\"brz-a brz-btn brz-css-edydf brz-css-abkpe\" href=\"{@brizy_SITE_URL_PLACEHOLDER@}\/index.php\/netzwerktechnik\/\" data-brz-link-type=\"external\" data-custom-id=\"idgqkowcijpfxrbhdztpjlgbkwgopllrzpzn\"><span class=\"brz-span brz-text__editor\">Entdecken<\/span><\/a><\/div>\n<\/div>\n<\/div>\n<\/div>\n<\/div>\n<div class=\"brz-columns brz-css-wtaku brz-css-finjh\" data-custom-id=\"jrnhwrpqmvftvjakiurmnesqoaakrirtaymx\">\n<div class=\"brz-column__items brz-css-kspbp brz-css-yxfco\">\n<div class=\"brz-css-eabha brz-wrapper\">\n<div class=\"brz-image brz-css-aadwr brz-css-wpjuv\"><img decoding=\"async\" class=\"brz-img brz-p-absolute\" src=\"{@brizy_SITE_URL_PLACEHOLDER@}\/?brizy_media=wp-a5894c2d6be2e638848d6a9f245c2b08.jpg&amp;brizy_crop=iW%3D282%26iH%3D188%26oX%3D36%26oY%3D0%26cW%3D211%26cH%3D188&amp;brizy_post=276\" alt=\"{{ brizy_dc_image_alt uid='wp-a5894c2d6be2e638848d6a9f245c2b08.jpg' }}\" loading=\"lazy\"><\/div>\n<\/div>\n<div class=\"brz-css-eabha brz-css-gwadv brz-wrapper\">\n<div class=\"brz-rich-text brz-css-zubrt\" data-custom-id=\"lggmmthdfxrjfxqcppjeuulwpgobcxxntwbg\">\n<h5 class=\"brz-tp-heading5\"><span>Innendienst Aufgaben <\/span><\/h5>\n<\/div>\n<\/div>\n<div class=\"brz-css-eabha brz-css-zfdby brz-wrapper\">\n<div class=\"brz-rich-text brz-css-zubrt\" data-custom-id=\"evedkxgxncwkbrqvapevnnvzopbtvitbuolv\">\n<p class=\"brz-tp-paragraph brz-text-lg-justify\"><span>Der PC startet nicht mehr. Die Grafikkarte streikt oder der L\u00fcfter ist einfach nur zu laut. Alles \u00fcber die PC Hard- sowie Software erf\u00e4hrt du in diesem Modul.<\/span><\/p>\n<p class=\"brz-tp-paragraph brz-text-lg-justify\"><span> <\/span><\/p>\n<\/div>\n<\/div>\n<div class=\"brz-wrapper-clone brz-css-xjsbh\">\n<div class=\"brz-d-xs-flex brz-flex-xs-wrap brz-css-herqa brz-css-myfjd\">\n<div class=\"brz-wrapper-clone__item brz-css-tomin\" id=\"oxiexzvuxkdkzsohivkjggspkawkfucnerpv\"><a class=\"brz-a brz-btn brz-css-edydf brz-css-ozszd\" href=\"{@brizy_SITE_URL_PLACEHOLDER@}\/index.php\/innendienst\/\" data-brz-link-type=\"external\" data-custom-id=\"oxiexzvuxkdkzsohivkjggspkawkfucnerpv\"><span class=\"brz-span brz-text__editor\">Entdecken\u00a0<\/span><\/a><\/div>\n<\/div>\n<\/div>\n<\/div>\n<\/div>\n<div class=\"brz-columns brz-css-wtaku brz-css-vmohu\" data-custom-id=\"zvspuehvkwafcckwmkmljpxggvwxvmkqabht\">\n<div class=\"brz-column__items brz-css-kspbp brz-css-phcvx\">\n<div class=\"brz-css-eabha brz-wrapper\">\n<div class=\"brz-image brz-css-inzaq brz-css-pjrta\"><img decoding=\"async\" class=\"brz-img brz-p-absolute\" src=\"{@brizy_SITE_URL_PLACEHOLDER@}\/?brizy_media=wp-57a86bc3cf1d387fb812e5d941676a99.jpg&amp;brizy_crop=iW%3D285%26iH%3D190%26oX%3D23%26oY%3D0%26cW%3D239%26cH%3D190&amp;brizy_post=276\" alt=\"{{ brizy_dc_image_alt uid='wp-57a86bc3cf1d387fb812e5d941676a99.jpg' }}\" loading=\"lazy\"><\/div>\n<\/div>\n<div class=\"brz-css-eabha brz-css-kgntm brz-wrapper\">\n<div class=\"brz-rich-text brz-css-zubrt\" data-custom-id=\"jfozvibetkskjyofzpcrvvkvjwsgcngguiog\">\n<h5 class=\"brz-fs-xs-im-16 brz-fs-sm-im-16 brz-fs-lg-19 brz-fw-xs-im-700 brz-fw-sm-im-700 brz-fw-lg-700 brz-ft-google brz-ff-overpass brz-ls-xs-im-0 brz-ls-sm-im-0 brz-ls-lg-0 brz-lh-xs-im-1_8 brz-lh-sm-im-1_7 brz-lh-lg-1_6\"><span>IT Fragen und Quizes <\/span><\/h5>\n<\/div>\n<\/div>\n<div class=\"brz-css-eabha brz-css-trzcv brz-wrapper\">\n<div class=\"brz-rich-text brz-css-zubrt\" data-custom-id=\"pwxufkwosjeucysdmyooezgadiweazklcmlo\">\n<p class=\"brz-tp-paragraph\"><span>Abwechslungsreiche Quizes und Fragen testen dein bisheriges IT-Wissen. Du bekommst auch einen kleinen Einblick ins Coden <\/span><\/p>\n<p class=\"brz-tp-paragraph\"><span> <\/span><\/p>\n<p class=\"brz-tp-paragraph\"><span class=\"brz-cp-color7\">  <\/span><\/p>\n<\/div>\n<\/div>\n<div class=\"brz-wrapper-clone brz-css-xjsbh\">\n<div class=\"brz-d-xs-flex brz-flex-xs-wrap brz-css-herqa brz-css-rtswu\">\n<div class=\"brz-wrapper-clone__item brz-css-tomin\" id=\"ijfrnsjagudpxjwibfltikxjdvbhuoiktvem\"><a class=\"brz-a brz-btn brz-css-edydf brz-css-vmjcb\" href=\"{@brizy_SITE_URL_PLACEHOLDER@}\/index.php\/aufgaben\/\" data-brz-link-type=\"external\" data-custom-id=\"ijfrnsjagudpxjwibfltikxjdvbhuoiktvem\"><span class=\"brz-span brz-text__editor\">Entdecken<\/span><\/a><\/div>\n<\/div>\n<\/div>\n<\/div>\n<\/div>\n<\/div>\n<\/div>\n<\/div>\n<\/div>\n<\/section>\n<\/div>\n<p><!-- version:1605553469 --><\/p>\n","protected":false},"excerpt":{"rendered":"<p>KufNet Schnupperer &#8222;Education is the most powerful weapon which you can use to change the world&#8220; Nelson Mandela Deine Traumlehre80% Aufgaben f\u00fcr deine Schnuppertage Kundensupport vor Ort Hierbei lernst du alle Geheimnisse unseres Kundensupports kennen. Bitte l\u00e4cheln \ud83d\ude09 Entdecken Netzwerktechnik Aufgaben Wie funktioniert unser Internet? Was ist ein Switch? Dies wird dir das interne Team [&hellip;]<\/p>\n","protected":false},"author":1,"featured_media":0,"parent":0,"menu_order":0,"comment_status":"closed","ping_status":"closed","template":"brizy-blank-template.php","meta":{"footnotes":""},"class_list":["post-276","page","type-page","status-publish","hentry"],"_links":{"self":[{"href":"https:\/\/schnupperer.kufnet.at\/index.php\/wp-json\/wp\/v2\/pages\/276","targetHints":{"allow":["GET"]}}],"collection":[{"href":"https:\/\/schnupperer.kufnet.at\/index.php\/wp-json\/wp\/v2\/pages"}],"about":[{"href":"https:\/\/schnupperer.kufnet.at\/index.php\/wp-json\/wp\/v2\/types\/page"}],"author":[{"embeddable":true,"href":"https:\/\/schnupperer.kufnet.at\/index.php\/wp-json\/wp\/v2\/users\/1"}],"replies":[{"embeddable":true,"href":"https:\/\/schnupperer.kufnet.at\/index.php\/wp-json\/wp\/v2\/comments?post=276"}],"version-history":[{"count":31,"href":"https:\/\/schnupperer.kufnet.at\/index.php\/wp-json\/wp\/v2\/pages\/276\/revisions"}],"predecessor-version":[{"id":1223,"href":"https:\/\/schnupperer.kufnet.at\/index.php\/wp-json\/wp\/v2\/pages\/276\/revisions\/1223"}],"wp:attachment":[{"href":"https:\/\/schnupperer.kufnet.at\/index.php\/wp-json\/wp\/v2\/media?parent=276"}],"curies":[{"name":"wp","href":"https:\/\/api.w.org\/{rel}","templated":true}]}}